rue
Does 54 divide 7964?
False
Is 354 a multiple of 3?
True
Is 17462 a multiple of 189?
False
Is 197 a factor of 126969?
False
Is 1298 a multiple of 22?
True
Is 1665 a multiple of 11?
False
Is 3 a factor of 60?
True
Does 4 divide 2839?
False
Is 12 a factor of 444?
True
Does 12 divide 480?
True
Is 27 a factor of 216?
True
Does 12 divide 8568?
True
Is 15180 a multiple of 4?
True
Does 94 divide 67962?
True
Is 14 a factor of 266?
True
Is 21 a factor of 30794?
False
Does 12 divide 42204?
True
Is 89 a factor of 1763?
False
Does 29 divide 788?
False
Does 16 divide 9984?
True
Is 2984 a multiple of 17?
False
Is 17 a factor of 18247?
False
Is 2 a factor of 10?
True
Does 11 divide 2021?
False
Does 17 divide 1734?
True
Is 12 a factor of 943?
False
Is 49 a factor of 4579?
False
Is 4121 a multiple of 3?
False
Is 5 a factor of 1255?
True
Is 2508 a multiple of 19?
True
Is 1533 a multiple of 5?
False
Does 50 divide 18020?
False
Does 3 divide 6724?
False
Does 28 divide 3052?
True
Is 4 a factor of 1367?
False
Is 58868 a multiple of 15?
False
Does 2 divide 35?
False
Does 18 divide 265?
False
Is 758 a multiple of 22?
False
Does 20 divide 340?
True
Is 1338 a multiple of 17?
False
Is 52 a multiple of 8?
False
Is 48 a factor of 31008?
True
Is 24 a factor of 336?
True
Is 5 a factor of 14521?
False
Does 5 divide 11641?
False
Does 4 divide 3363?
False
Does 17 divide 3315?
True
Is 49 a factor of 27342?
True
Does 2 divide 6233?
False
Is 102 a factor of 3468?
True
Is 20 a factor of 39260?
True
Is 1789 a multiple of 51?
False
Is 10 a factor of 180?
True
Is 33 a factor of 4456?
False
Is 205 even?
False
Is 1103 a multiple of 149?
False
Does 58 divide 5046?
True
Does 30 divide 180?
True
Is 166 a factor of 35823?
False
Does 32 divide 512?
True
Is 3812 a multiple of 80?
False
Is 15 a factor of 317?
False
Is 8 a factor of 1696?
True
Does 16 divide 4245?
False
Is 51 a factor of 27162?
False
Does 32 divide 248?
False
Does 51 divide 8594?
False
Is 77164 a multiple of 404?
True
Is 7 a factor of 44351?
False
Does 13 divide 247?
True
Is 6940 a multiple of 20?
True
Does 13 divide 97918?
False
Does 14 divide 474?
False
Is 293 a factor of 25198?
True
Does 23 divide 397?
False
Is 66 a factor of 1716?
True
Is 46 a factor of 8337?
False
Is 2015 a multiple of 20?
False
Does 23 divide 269?
False
Is 73 a multiple of 4?
False
Is 27 a factor of 81?
True
Does 7 divide 2343?
False
Is 27952 a multiple of 8?
True
Is 63750 a multiple of 375?
True
Does 18 divide 324?
True
Is 4091 a multiple of 14?
False
Is 1312 a multiple of 55?
False
Is 103 a factor of 412?
True
Does 27 divide 67649?
False
Does 3 divide 3214?
False
Is 48 a factor of 10683?
False
Does 18 divide 5387?
False
Does 5 divide 20811?
False
Is 9756 a multiple of 73?
False
Is 28447 a multiple of 93?
False
Is 35 a factor of 2337?
False
Is 1553 a multiple of 28?
False
Is 116 a multiple of 18?
False
Is 26 a factor of 1078?
False
Is 46 a factor of 1197?
False
Is 17 a factor of 2984?
False
Is 7920 a multiple of 18?
True
Does 30 divide 25735?
False
Is 34 a factor of 17068?
True
Does 20 divide 27933?
False
Does 14 divide 1036?
True
Is 28 a factor of 4749?
False
Does 13 divide 3198?
True
Is 656 a multiple of 16?
True
Is 5538 a multiple of 69?
False
Is 28 a factor of 1092?
True
Is 74 a factor of 274?
False
Is 1796 a multiple of 95?
False
Is 11 a factor of 2200?
True
Is 9750 a multiple of 195?
True
Is 61902 a multiple of 38?
True
Does 21 divide 1100?
False
Does 15 divide 244?
False
Is 5 a factor of 765?
True
Is 1943 a multiple of 13?
False
Is 1472 a multiple of 26?
False
Is 96 a factor of 9827?
False
Is 112 even?
True
Does 27 divide 409?
False
Is 671 a multiple of 5?
False
Does 3 divide 126?
True
Is 42 a factor of 317?
False
Does 17 divide 6096?
False
Is 22 a factor of 31?
False
Is 8944 a multiple of 178?
False
Does 31 divide 4531?
False
Is 1404 a multiple of 18?
True
Is 50 a factor of 564?
False
Is 104 a multiple of 13?
True
Does 51 divide 893?
False
Does 18 divide 2048?
False
Is 86 a factor of 668?
False
Is 641 a multiple of 12?
False
Is 36 a factor of 3276?
True
Does 14 divide 994?
True
Is 840 a multiple of 5?
True
Is 3288 a multiple of 50?
False
Is 4900 a multiple of 100?
True
Does 8 divide 1616?
True
Is 6 a factor of 241?
False
Is 197 a factor of 35460?
True
Does 16 divide 83?
False
Is 7 a factor of 707?
True
Does 12 divide 1896?
True
Is 302 a factor of 73688?
True
Is 6 a factor of 693?
False
Is 3456 a multiple of 8?
True
Is 200 a multiple of 50?
True
Is 4 a factor of 1952?
True
Is 4270 a multiple of 4?
False
Is 58580 a multiple of 334?
False
Is 812 a multiple of 7?
True
Is 22 a factor of 4114?
True
Is 47 a factor of 940?
True
Is 24 a factor of 3672?
True
Is 22182 a multiple of 6?
True
Does 24 divide 1368?
True
Is 10 a factor of 1520?
True
Is 37 a factor of 5032?
True
Does 108 divide 100224?
True
Is 23 a factor of 4071?
True
Does 30 divide 540?
True
Is 777 a multiple of 21?
True
Is 9945 a multiple of 10?
False
Does 12 divide 3528?
True
Does 3 divide 285?
True
Is 3224 a multiple of 248?
True
Is 42881 a multiple of 12?
False
Does 56 divide 53816?
True
Is 9 a factor of 4779?
True
Does 30 divide 4692?
False
Does 21 divide 1010?
False
Is 7488 a multiple of 104?
True
Is 21 a factor of 34305?
False
Is 8 a factor of 1624?
True
Is 546 a multiple of 14?
True
Does 45 divide 5760?
True
Is 8 a factor of 2160?
True
Is 12 a factor of 11825?
False
Is 865 a multiple of 8?
False
Is 25 a factor of 1075?
True
Does 108 divide 4752?
True
Is 26 a factor of 475?
False
Is 131337 a multiple of 35?
False
Is 37 a multiple of 2?
False
Is 121 a factor of 21901?
True
Is 8893 a multiple of 252?
False
Is 6595 a multiple of 118?
False
Is 22809 a multiple of 25?
False
Is 13344 a multiple of 16?
True
Is 3720 a multiple of 20?
True
Does 107 divide 91485?
True
Does 63 divide 33075?
True
Does 18 divide 360?
True
Is 142 a factor of 11928?
True
Is 4679 a multiple of 9?
False
Is 235 a multiple of 5?
True
Is 17 a factor of 18581?
True
Is 6536 a multiple of 43?
True
Is 4 a factor of 261?
False
Does 58 divide 174?
True
Does 34 divide 1623?
False
Is 482 even?
True
Does 17 divide 17752?
False
Is 384 a multiple of 16?
True
Is 149 a factor of 17833?
False
Is 2285 a multiple of 39?
False
Does 14 divide 739?
False
Does 7 divide 539?
True
Is 4329 a multiple of 6?
False
Does 32 divide 589?
False
Is 33 a multiple of 29?
False
Is 26 a factor of 1178?
False
Does 15 divide 74832?
False
Is 245 a multiple of 24?
False
Does 412 divide 27192?
True
Is 13875 a multiple of 125?
True
Is 10912 a multiple of 16?
True
Is 7 a factor of 18949?
True
Is 7 a factor of 3872?
False
Is 5182 a multiple of 9?
False
Is 29 a multiple of 5?
False
Does 29 divide 957?
True
Is 308 a factor of 83776?
True
Is 30 a multiple of 6?
True
Does 9 divide 12?
False
Is 21 a factor of 286?
False
Is 19 a multiple of 19?
True
Is 945 a multiple of 61?
False
Is 5109 a multiple of 3?
True
Is 30 a factor of 2040?
True
Is 14 a factor of 80305?
False
Does 13 divide 77414?
False
Does 39 divide 78?
True
Is 16 a factor of 18384?
True
Is 67 a factor of 2613?
True
Does 10 divide 3250?
True
Is 5 a factor of 2175?
True
Does 42 divide 7606?
False
Does 30 divide 6692?
False
Does 56 divide 41584?
False
Is 50 a factor of 73450?
True
Is 552 a multiple of 2?
True
Is 686 a multiple of 49?
True
Does 13 divide 47923?
False
Does 39 divide 1326?
True
Is 60 a factor of 46560?
True
Does 4 divide 4680?
True
Does 25 divide 233?
False
Does 104 divide 16224?
True
Does 72 divide 4752?
True
Does 8 divide 367?
False
Does 16 divide 816?
True
Is 9 a factor of 26802?
True
Does 8 divide 24952?
True
Is 904 a multiple of 113?
True
Does 18 divide 1196?
False
Is 176 a factor of 1760?
True
Is 5160 a multiple of 60?
True
Is 1504 a multiple of 87?
False
Is 863 a multiple of 10?
False
Is 67 a multiple of 17?
False
Is 1118 a multiple of 2?
True
Does 18 divide 846?
True
Does 154 divide 32032?
True
Is 5456 a multiple of 11?
True
Is 9 a factor of 540?
True
Is 10 a factor of 512?
False
Does 39 divide 273?
True
Is 12 a factor of 3473?
False
Is 443 a multiple of 7?
False
Is 9 a factor of 877?
False
Is 35 a factor of 93?
False
Does 209 divide 19646?
True
Does 4 divide 1052?
True
Is 32 a factor of 3050?
False
Does 10 divide 30?
True
Does 20 divide 14220?
True
Is 94 a factor of 45450?
False
Is 